{"id":294,"date":"2022-06-09T07:06:01","date_gmt":"2022-06-09T07:06:01","guid":{"rendered":"https:\/\/restaurantemarcello.es\/?page_id=294"},"modified":"2022-06-09T07:15:58","modified_gmt":"2022-06-09T07:15:58","slug":"politica-de-privacidad","status":"publish","type":"page","link":"https:\/\/restaurantemarcello.es\/index.php\/politica-de-privacidad\/","title":{"rendered":"Pol\u00edtica de privacidad"},"content":{"rendered":"\t\t<div data-elementor-type=\"wp-page\" data-elementor-id=\"294\" class=\"elementor elementor-294\">\n\t\t\t\t\t\t<section class=\"elementor-section elementor-top-section elementor-element elementor-element-4b7ccbe elementor-section-boxed elementor-section-height-default elementor-section-height-default\" data-id=\"4b7ccbe\" data-element_type=\"section\">\n\t\t\t\t\t\t<div class=\"elementor-container elementor-column-gap-default\">\n\t\t\t\t\t<div class=\"elementor-column elementor-col-100 elementor-top-column elementor-element elementor-element-ddfe04d\" data-id=\"ddfe04d\" data-element_type=\"column\">\n\t\t\t<div class=\"elementor-widget-wrap elementor-element-populated\">\n\t\t\t\t\t\t<div class=\"elementor-element elementor-element-f28b34a elementor-widget elementor-widget-image\" data-id=\"f28b34a\" data-element_type=\"widget\" data-widget_type=\"image.default\">\n\t\t\t\t<div class=\"elementor-widget-container\">\n\t\t\t\t\t\t\t\t\t\t\t\t\t\t\t\t<a href=\"https:\/\/restaurantemarcello.es\/\">\n\t\t\t\t\t\t\t<img fetchpriority=\"high\" decoding=\"async\" width=\"500\" height=\"152\" src=\"https:\/\/restaurantemarcello.es\/wp-content\/uploads\/2022\/06\/cropped-Logos-rapidos.png\" class=\"attachment-large size-large wp-image-123\" alt=\"\" srcset=\"https:\/\/restaurantemarcello.es\/wp-content\/uploads\/2022\/06\/cropped-Logos-rapidos.png 500w, https:\/\/restaurantemarcello.es\/wp-content\/uploads\/2022\/06\/cropped-Logos-rapidos-300x91.png 300w\" sizes=\"(max-width: 500px) 100vw, 500px\" \/>\t\t\t\t\t\t\t\t<\/a>\n\t\t\t\t\t\t\t\t\t\t\t\t\t\t\t<\/div>\n\t\t\t\t<\/div>\n\t\t\t\t<div class=\"elementor-element elementor-element-c00023c elementor-widget-divider--view-line elementor-widget elementor-widget-divider\" data-id=\"c00023c\" data-element_type=\"widget\" data-widget_type=\"divider.default\">\n\t\t\t\t<div class=\"elementor-widget-container\">\n\t\t\t\t\t\t\t<div class=\"elementor-divider\">\n\t\t\t<span class=\"elementor-divider-separator\">\n\t\t\t\t\t\t<\/span>\n\t\t<\/div>\n\t\t\t\t\t\t<\/div>\n\t\t\t\t<\/div>\n\t\t\t\t<div class=\"elementor-element elementor-element-1c3a9fe elementor-widget elementor-widget-heading\" data-id=\"1c3a9fe\" data-element_type=\"widget\" data-widget_type=\"heading.default\">\n\t\t\t\t<div class=\"elementor-widget-container\">\n\t\t\t\t\t<h2 class=\"elementor-heading-title elementor-size-default\">Protecci\u00f3n de datos del sitio Web<\/h2>\t\t\t\t<\/div>\n\t\t\t\t<\/div>\n\t\t\t\t\t<\/div>\n\t\t<\/div>\n\t\t\t\t\t<\/div>\n\t\t<\/section>\n\t\t\t\t<section class=\"elementor-section elementor-top-section elementor-element elementor-element-91e83dc elementor-section-boxed elementor-section-height-default elementor-section-height-default\" data-id=\"91e83dc\" data-element_type=\"section\">\n\t\t\t\t\t\t<div class=\"elementor-container elementor-column-gap-default\">\n\t\t\t\t\t<div class=\"elementor-column elementor-col-100 elementor-top-column elementor-element elementor-element-0d63f3e\" data-id=\"0d63f3e\" data-element_type=\"column\">\n\t\t\t<div class=\"elementor-widget-wrap elementor-element-populated\">\n\t\t\t\t\t\t<div class=\"elementor-element elementor-element-ff1788c elementor-widget elementor-widget-text-editor\" data-id=\"ff1788c\" data-element_type=\"widget\" data-widget_type=\"text-editor.default\">\n\t\t\t\t<div class=\"elementor-widget-container\">\n\t\t\t\t\t\t\t\t\t<p>El acceso a la p\u00e1gina Web o su uso no implica una recogida de datos personales del usuario por parte de\u00a0<strong>Restaurante Marcello<\/strong>. No obstante, se comunica que, en el caso de que\u00a0<span style=\"font-variant-ligatures: normal; font-variant-caps: normal; font-family: Poppins; font-size: 16px; font-style: normal; font-weight: 600;\">Restaurante Marcello<\/span>\u00a0solicite datos personales, se informar\u00e1 debidamente al usuario conforme a lo establecido en el nuevo Reglamento Europeo 679\/2016 de Protecci\u00f3n de Datos o RGPD, plenamente aplicable desde el\u00a0<strong>25 de mayo de 2018<\/strong>, y nos corresponde informarle sobre c\u00f3mo tratamos sus datos personales, en este sentido le recordamos que:<\/p><p><strong>El responsable del tratamiento de sus datos es:<\/strong><\/p><ul><li><strong>Nombre o Raz\u00f3n Social:\u00a0<\/strong><span style=\"font-variant-ligatures: normal; font-variant-caps: normal; font-family: Poppins; font-size: 16px; font-style: normal;\">Restaurante Marcello<\/span><\/li><li><strong>NIF:\u00a0<\/strong>J39409511<\/li><li><strong>Nombre comercial:\u00a0<\/strong>Restaurante Marcello<\/li><li><strong>Direcci\u00f3n:<\/strong>\u00a0Floranes 29 Santander (Cantabria)<\/li><li><strong>Tel\u00e9fono:\u00a0<\/strong>942 37 30 07<\/li><li><strong>Responsable de seguridad:\u00a0<\/strong>Restaurante Marcello<\/li><li><strong>Direcci\u00f3n de correo electr\u00f3nico:\u00a0<\/strong>info@restaurantemarcello.es<\/li><\/ul><h3>Finalidad<\/h3><p><strong>Las finalidades del tratamiento de sus datos de car\u00e1cter personal son:<\/strong><\/p><p>Cumplir con el deber de informaci\u00f3n y obtenci\u00f3n de consentimientos requeridos por la nueva normativa europea de protecci\u00f3n de datos de car\u00e1cter personal.<\/p><p>Dar respuesta a solicitudes de informaci\u00f3n, presupuestos, proyectos, dudas o comentarios sobre nuestros servicios desde los distintos puntos de contacto con el sitio\u00a0<strong>www.restaurantemarcello.es<\/strong>, correos electr\u00f3nicos o v\u00eda telef\u00f3nica.<\/p><h3>En caso de realizar cualquier tipo de relaci\u00f3n comercial con nosotros:<\/h3><p>Informar al cliente sobre el uso de plataformas, actualizaciones, avisos de mejoras,\u00a0notificaci\u00f3n de incidencias y\/o avisos de cualquier tipo relacionados con el servicio prestado.<\/p><p>Por exigencias de naturaleza operativa, de gesti\u00f3n administrativa y documental, presupuestos,\u00a0albaranes, facturas\u00a0(todo ello para cumplir con las obligaciones establecidas en la legislaci\u00f3n vigente, en particular en materia mercantil y fiscal).<\/p><p>La utilizaci\u00f3n de cookies en nuestras p\u00e1ginas web tiene la \u00fanica finalidad indicada en el siguiente enlace:\u00a0<a href=\"https:\/\/www.laostreriasanvicente.com\/politica-de-cookies\/\">https:\/\/www.laostreriasanvicente.com\/politica-de-cookies\/<\/a><\/p><p>En caso de candidatos a futuros puestos de trabajo\u00a0con el env\u00edo de su curr\u00edculum, dichos datos se utilizan para el proceso de selecci\u00f3n en curso y futuros procesos de selecci\u00f3n.<\/p><h3>\u00bfQu\u00e9 datos tratamos?<\/h3><p>En el marco de la prestaci\u00f3n de los servicios que ofrece la entidad y condicionado a las finalidades consentidas por usted, en Nombre de la empresa \u00fanicamente se tratar\u00e1n los datos estrictamente necesarios para la correcta gesti\u00f3n de la relaci\u00f3n contractual y\/o prestaci\u00f3n de los servicios, y ser\u00e1 exclusivamente los que usted nos haya facilitado.<\/p><h3>Conservaremos sus datos:<\/h3><p>Los datos personales que nos proporciones ser\u00e1n conservados mientras se mantenga la\u00a0relaci\u00f3n contractual \/ mercantil vigente, o bien durante un plazo de cuatro a\u00f1os a partir\u00a0de la \u00faltima relaci\u00f3n negocial siguiendo la normativa a efectos fiscales.<\/p><p>Siempre podr\u00e1 ejercitar los derechos que le reconoce la normativa vigente poni\u00e9ndose\u00a0en contacto a trav\u00e9s de la v\u00eda que le sea m\u00e1s c\u00f3moda.<\/p><h3>Legitimizaci\u00f3n del tratamiento<\/h3><p>La base legal para el tratamiento de sus datos es la ejecuci\u00f3n de las acciones formativas o bien \u00e9sta legitimaci\u00f3n est\u00e1 otorgada por su consentimiento expreso como propio y principal interesado. \u00danicamente utilizamos los datos que usted nos deja en la web en el apartado de contacto para enviarle los presupuestos o informaci\u00f3n que nos solicite, nunca con car\u00e1cter comercial ni nada por el estilo.<\/p><h3>Destinatarios<\/h3><p>No se comunicar\u00e1n sus datos a ning\u00fan tercero, salvo obligaciones legales vigentes. En todo caso que cambie esta posibilidad se le informar\u00e1 debidamente solicitando su consentimiento para dicha cesi\u00f3n. Le informamos que tampoco se realizar\u00e1n transferencias internacionales.<\/p><p>Nuestra entidad en su compromiso con la privacidad y protecci\u00f3n de datos del Usuario, elegir\u00e1 \u00fanicamente prestadores de servicio que ofrezcan las garant\u00edas suficientes para aplicar medidas t\u00e9cnicas y organizativas apropiadas, de manera que el tratamiento sea conforme la legislaci\u00f3n aplicable en materia de protecci\u00f3n de datos y garanticen la protecci\u00f3n de los derechos del Usuario.<\/p><h3>Derechos<\/h3><p>En cuanto a los derechos que le contempla como interesado, el Reglamento Europeo de Protecci\u00f3n de Datos (RGPD), usted puede ejercer los siguientes derechos:<\/p><ul><li><em>Derecho a solicitar el acceso a sus datos personales contenidos en nuestros ficheros.\u00a0<\/em>\u00a0El interesado tendr\u00e1 derecho a obtener del responsable del tratamiento confirmaci\u00f3n de si se est\u00e1n tratando o no los datos que le conciernan, as\u00ed como informaci\u00f3n detallada acerca de determinados aspectos del tratamiento que se est\u00e9 llevando a cabo.<\/li><li><em>Derecho a solicitar la rectificaci\u00f3n de los datos inexactos.<\/em>\u00a0El interesado tendr\u00e1 derecho a obtener la rectificaci\u00f3n de los datos personales inexactos que le concierne o que se completen aquellos que fueran incompletos.<\/li><li>Derecho a solicitar la limitaci\u00f3n del tratamiento en los casos establecidos por el RGPD, en cuyo caso, solamente los conservaremos para el ejercicio o defensa de reclamaciones.<\/li><li><em>Derecho a oponerse al tratamiento de los datos.<\/em>\u00a0En determinadas circunstancias y por motivos relacionados con su situaci\u00f3n particular, los interesados podr\u00e1n oponerse al tratamiento de sus datos. La entidad dejar\u00e1 de tratar los datos, salvo por motivos leg\u00edtimos, imperiosos, o el ejercicio o la defensa de posibles reclamaciones.<\/li><li>Derecho a la portabilidad de los datos.\u00a0Es decir, tendr\u00e1 derecho a recibir los datos personales que le incumban, que haya facilitado a un responsable del tratamiento, en un formato estructurado, de uso com\u00fan y lectura mec\u00e1nica y a transmitirlos a otro responsable del tratamiento.<\/li><li>Para ejercitar sus derechos, deber\u00e1 enviar su solicitud a nuestra entidad, adjuntando a la misma copia de su DNI, pasaporte u otro documento equivalente acreditativo de su identidad y, en su caso, de la persona que lo represente, a trav\u00e9s de los siguientes medios:<\/li><\/ul><p><strong>Email:\u00a0<\/strong>info@restaurantemarcello.es<br \/><strong>Direcci\u00f3n postal:\u00a0<\/strong>Floranes 29 Santander (Cantabria)<\/p><p>Asimismo, en cualquier momento podr\u00e1 retirar el consentimiento prestado sin que ello afecte a la licitud del tratamiento enviando su solicitud por los medios anteriormente indicados, acompa\u00f1ando a su solicitud una copia de su DNI o documento equivalente acreditativo de su identidad.<\/p><p>Podr\u00e1 ejercer los referidos derechos, dirigi\u00e9ndose al responsable. Para ello, puede utilizar los datos de contacto facilitados al inicio del presente documento. Si desea obtener informaci\u00f3n adicional respecto al ejercicio de sus derechos, tambi\u00e9n puede dirigirse a la Agencia Espa\u00f1ola de Protecci\u00f3n de Datos.<\/p><p>Asimismo le informamos que, si lo cree oportuno, tiene el derecho a retirar, en cualquier momento, el consentimiento otorgado para alguna finalidad espec\u00edfica, sin que ello afecte a la licitud\u00a0del tratamiento, basado en el consentimiento previo a su retirada. En caso que entendiera que no se han atendido adecuadamente sus derechos, podr\u00e1 presentar una reclamaci\u00f3n ante la Agencia Espa\u00f1ola de Protecci\u00f3n de Datos. C\/ Jorge Juan, 6. 28001 \u2013 Madrid. www.agpd.es.<\/p><h3>Garant\u00eda de confidencialidad y seguridad de los ficheros automatizados<\/h3><p><strong>Restaurante Marcello<\/strong>\u00a0en respuesta a la confianza depositada en nosotros y teniendo en cuenta la importancia en materia de protecci\u00f3n y confidencialidad que requieren sus datos personales, les informa que ha adoptado todas las medidas de \u00edndole t\u00e9cnica y organizativa necesarias para salvaguardar la seguridad de los mismos tal como exige el Real Decreto 1720\/2007 que regula el reglamento de medidas de seguridad de los ficheros automatizados que contengan datos de car\u00e1cter personal. Ello no obstante, el usuario debe ser consciente de que las medidas de seguridad en Internet no son inexpugnables.<\/p><p><span style=\"font-family: Poppins; font-size: 16px; font-style: normal; font-variant-ligatures: normal; font-variant-caps: normal; font-weight: 600; color: var( --e-global-color-text ); letter-spacing: var( --e-global-typography-text-letter-spacing ); text-transform: var( --e-global-typography-text-text-transform );\">Restaurante Marcello<\/span>\u00a0puede modificar las presentes pol\u00edticas de privacidad para adaptarlas a las medidas legislativas o jurisprudencia sobre datos personales que vayan apareciendo, por lo que exige su lectura, cada vez que nos facilite sus datos a trav\u00e9s de esta Web.<\/p>\t\t\t\t\t\t\t\t<\/div>\n\t\t\t\t<\/div>\n\t\t\t\t\t<\/div>\n\t\t<\/div>\n\t\t\t\t\t<\/div>\n\t\t<\/section>\n\t\t\t\t<\/div>\n\t\t","protected":false},"excerpt":{"rendered":"<p>Protecci\u00f3n de datos del sitio Web El acceso a la p\u00e1gina Web o su uso no implica una recogida de datos personales del usuario por parte de\u00a0Restaurante Marcello. No obstante, se comunica que, en el caso de que\u00a0Restaurante Marcello\u00a0solicite datos personales, se informar\u00e1 debidamente al usuario conforme a lo establecido en el nuevo Reglamento Europeo [&hellip;]<\/p>\n","protected":false},"author":1,"featured_media":0,"parent":0,"menu_order":0,"comment_status":"closed","ping_status":"closed","template":"","meta":{"ocean_post_layout":"","ocean_both_sidebars_style":"","ocean_both_sidebars_content_width":0,"ocean_both_sidebars_sidebars_width":0,"ocean_sidebar":"0","ocean_second_sidebar":"0","ocean_disable_margins":"enable","ocean_add_body_class":"","ocean_shortcode_before_top_bar":"","ocean_shortcode_after_top_bar":"","ocean_shortcode_before_header":"","ocean_shortcode_after_header":"","ocean_has_shortcode":"","ocean_shortcode_after_title":"","ocean_shortcode_before_footer_widgets":"","ocean_shortcode_after_footer_widgets":"","ocean_shortcode_before_footer_bottom":"","ocean_shortcode_after_footer_bottom":"","ocean_display_top_bar":"default","ocean_display_header":"default","ocean_header_style":"","ocean_center_header_left_menu":"0","ocean_custom_header_template":"0","ocean_custom_logo":0,"ocean_custom_retina_logo":0,"ocean_custom_logo_max_width":0,"ocean_custom_logo_tablet_max_width":0,"ocean_custom_logo_mobile_max_width":0,"ocean_custom_logo_max_height":0,"ocean_custom_logo_tablet_max_height":0,"ocean_custom_logo_mobile_max_height":0,"ocean_header_custom_menu":"0","ocean_menu_typo_font_family":"0","ocean_menu_typo_font_subset":"","ocean_menu_typo_font_size":0,"ocean_menu_typo_font_size_tablet":0,"ocean_menu_typo_font_size_mobile":0,"ocean_menu_typo_font_size_unit":"px","ocean_menu_typo_font_weight":"","ocean_menu_typo_font_weight_tablet":"","ocean_menu_typo_font_weight_mobile":"","ocean_menu_typo_transform":"","ocean_menu_typo_transform_tablet":"","ocean_menu_typo_transform_mobile":"","ocean_menu_typo_line_height":0,"ocean_menu_typo_line_height_tablet":0,"ocean_menu_typo_line_height_mobile":0,"ocean_menu_typo_line_height_unit":"","ocean_menu_typo_spacing":0,"ocean_menu_typo_spacing_tablet":0,"ocean_menu_typo_spacing_mobile":0,"ocean_menu_typo_spacing_unit":"","ocean_menu_link_color":"","ocean_menu_link_color_hover":"","ocean_menu_link_color_active":"","ocean_menu_link_background":"","ocean_menu_link_hover_background":"","ocean_menu_link_active_background":"","ocean_menu_social_links_bg":"","ocean_menu_social_hover_links_bg":"","ocean_menu_social_links_color":"","ocean_menu_social_hover_links_color":"","ocean_disable_title":"default","ocean_disable_heading":"default","ocean_post_title":"","ocean_post_subheading":"","ocean_post_title_style":"","ocean_post_title_background_color":"","ocean_post_title_background":0,"ocean_post_title_bg_image_position":"","ocean_post_title_bg_image_attachment":"","ocean_post_title_bg_image_repeat":"","ocean_post_title_bg_image_size":"","ocean_post_title_height":0,"ocean_post_title_bg_overlay":0.5,"ocean_post_title_bg_overlay_color":"","ocean_disable_breadcrumbs":"default","ocean_breadcrumbs_color":"","ocean_breadcrumbs_separator_color":"","ocean_breadcrumbs_links_color":"","ocean_breadcrumbs_links_hover_color":"","ocean_display_footer_widgets":"default","ocean_display_footer_bottom":"default","ocean_custom_footer_template":"0","footnotes":""},"class_list":["post-294","page","type-page","status-publish","hentry","entry"],"yoast_head":"<!-- This site is optimized with the Yoast SEO plugin v25.8 - https:\/\/yoast.com\/wordpress\/plugins\/seo\/ -->\n<title>Pol\u00edtica de privacidad - Restaurante Italiano Marcello<\/title>\n<meta name=\"robots\" content=\"index, follow, max-snippet:-1, max-image-preview:large, max-video-preview:-1\" \/>\n<link rel=\"canonical\" href=\"https:\/\/restaurantemarcello.es\/index.php\/politica-de-privacidad\/\" \/>\n<meta property=\"og:locale\" content=\"es_ES\" \/>\n<meta property=\"og:type\" content=\"article\" \/>\n<meta property=\"og:title\" content=\"Pol\u00edtica de privacidad - Restaurante Italiano Marcello\" \/>\n<meta property=\"og:description\" content=\"Protecci\u00f3n de datos del sitio Web El acceso a la p\u00e1gina Web o su uso no implica una recogida de datos personales del usuario por parte de\u00a0Restaurante Marcello. No obstante, se comunica que, en el caso de que\u00a0Restaurante Marcello\u00a0solicite datos personales, se informar\u00e1 debidamente al usuario conforme a lo establecido en el nuevo Reglamento Europeo [&hellip;]\" \/>\n<meta property=\"og:url\" content=\"https:\/\/restaurantemarcello.es\/index.php\/politica-de-privacidad\/\" \/>\n<meta property=\"og:site_name\" content=\"Restaurante Italiano Marcello\" \/>\n<meta property=\"article:modified_time\" content=\"2022-06-09T07:15:58+00:00\" \/>\n<meta property=\"og:image\" content=\"https:\/\/restaurantemarcello.es\/wp-content\/uploads\/2022\/06\/cropped-Logos-rapidos.png\" \/>\n<meta name=\"twitter:card\" content=\"summary_large_image\" \/>\n<meta name=\"twitter:label1\" content=\"Tiempo de lectura\" \/>\n\t<meta name=\"twitter:data1\" content=\"6 minutos\" \/>\n<script type=\"application\/ld+json\" class=\"yoast-schema-graph\">{\"@context\":\"https:\/\/schema.org\",\"@graph\":[{\"@type\":\"WebPage\",\"@id\":\"https:\/\/restaurantemarcello.es\/index.php\/politica-de-privacidad\/\",\"url\":\"https:\/\/restaurantemarcello.es\/index.php\/politica-de-privacidad\/\",\"name\":\"Pol\u00edtica de privacidad - Restaurante Italiano Marcello\",\"isPartOf\":{\"@id\":\"https:\/\/restaurantemarcello.es\/#website\"},\"primaryImageOfPage\":{\"@id\":\"https:\/\/restaurantemarcello.es\/index.php\/politica-de-privacidad\/#primaryimage\"},\"image\":{\"@id\":\"https:\/\/restaurantemarcello.es\/index.php\/politica-de-privacidad\/#primaryimage\"},\"thumbnailUrl\":\"https:\/\/restaurantemarcello.es\/wp-content\/uploads\/2022\/06\/cropped-Logos-rapidos.png\",\"datePublished\":\"2022-06-09T07:06:01+00:00\",\"dateModified\":\"2022-06-09T07:15:58+00:00\",\"breadcrumb\":{\"@id\":\"https:\/\/restaurantemarcello.es\/index.php\/politica-de-privacidad\/#breadcrumb\"},\"inLanguage\":\"es\",\"potentialAction\":[{\"@type\":\"ReadAction\",\"target\":[\"https:\/\/restaurantemarcello.es\/index.php\/politica-de-privacidad\/\"]}]},{\"@type\":\"ImageObject\",\"inLanguage\":\"es\",\"@id\":\"https:\/\/restaurantemarcello.es\/index.php\/politica-de-privacidad\/#primaryimage\",\"url\":\"https:\/\/restaurantemarcello.es\/wp-content\/uploads\/2022\/06\/cropped-Logos-rapidos.png\",\"contentUrl\":\"https:\/\/restaurantemarcello.es\/wp-content\/uploads\/2022\/06\/cropped-Logos-rapidos.png\",\"width\":500,\"height\":152},{\"@type\":\"BreadcrumbList\",\"@id\":\"https:\/\/restaurantemarcello.es\/index.php\/politica-de-privacidad\/#breadcrumb\",\"itemListElement\":[{\"@type\":\"ListItem\",\"position\":1,\"name\":\"Portada\",\"item\":\"https:\/\/restaurantemarcello.es\/\"},{\"@type\":\"ListItem\",\"position\":2,\"name\":\"Pol\u00edtica de privacidad\"}]},{\"@type\":\"WebSite\",\"@id\":\"https:\/\/restaurantemarcello.es\/#website\",\"url\":\"https:\/\/restaurantemarcello.es\/\",\"name\":\"Restaurante Italiano Marcello\",\"description\":\"Restaurante Marcello Santander\",\"publisher\":{\"@id\":\"https:\/\/restaurantemarcello.es\/#organization\"},\"potentialAction\":[{\"@type\":\"SearchAction\",\"target\":{\"@type\":\"EntryPoint\",\"urlTemplate\":\"https:\/\/restaurantemarcello.es\/?s={search_term_string}\"},\"query-input\":{\"@type\":\"PropertyValueSpecification\",\"valueRequired\":true,\"valueName\":\"search_term_string\"}}],\"inLanguage\":\"es\"},{\"@type\":\"Organization\",\"@id\":\"https:\/\/restaurantemarcello.es\/#organization\",\"name\":\"Restaurante Italiano Marcello\",\"url\":\"https:\/\/restaurantemarcello.es\/\",\"logo\":{\"@type\":\"ImageObject\",\"inLanguage\":\"es\",\"@id\":\"https:\/\/restaurantemarcello.es\/#\/schema\/logo\/image\/\",\"url\":\"https:\/\/restaurantemarcello.es\/wp-content\/uploads\/2022\/06\/cropped-Logos-rapidos-1.jpg\",\"contentUrl\":\"https:\/\/restaurantemarcello.es\/wp-content\/uploads\/2022\/06\/cropped-Logos-rapidos-1.jpg\",\"width\":87,\"height\":44,\"caption\":\"Restaurante Italiano Marcello\"},\"image\":{\"@id\":\"https:\/\/restaurantemarcello.es\/#\/schema\/logo\/image\/\"}}]}<\/script>\n<!-- \/ Yoast SEO plugin. -->","yoast_head_json":{"title":"Pol\u00edtica de privacidad - Restaurante Italiano Marcello","robots":{"index":"index","follow":"follow","max-snippet":"max-snippet:-1","max-image-preview":"max-image-preview:large","max-video-preview":"max-video-preview:-1"},"canonical":"https:\/\/restaurantemarcello.es\/index.php\/politica-de-privacidad\/","og_locale":"es_ES","og_type":"article","og_title":"Pol\u00edtica de privacidad - Restaurante Italiano Marcello","og_description":"Protecci\u00f3n de datos del sitio Web El acceso a la p\u00e1gina Web o su uso no implica una recogida de datos personales del usuario por parte de\u00a0Restaurante Marcello. No obstante, se comunica que, en el caso de que\u00a0Restaurante Marcello\u00a0solicite datos personales, se informar\u00e1 debidamente al usuario conforme a lo establecido en el nuevo Reglamento Europeo [&hellip;]","og_url":"https:\/\/restaurantemarcello.es\/index.php\/politica-de-privacidad\/","og_site_name":"Restaurante Italiano Marcello","article_modified_time":"2022-06-09T07:15:58+00:00","og_image":[{"url":"https:\/\/restaurantemarcello.es\/wp-content\/uploads\/2022\/06\/cropped-Logos-rapidos.png","type":"","width":"","height":""}],"twitter_card":"summary_large_image","twitter_misc":{"Tiempo de lectura":"6 minutos"},"schema":{"@context":"https:\/\/schema.org","@graph":[{"@type":"WebPage","@id":"https:\/\/restaurantemarcello.es\/index.php\/politica-de-privacidad\/","url":"https:\/\/restaurantemarcello.es\/index.php\/politica-de-privacidad\/","name":"Pol\u00edtica de privacidad - Restaurante Italiano Marcello","isPartOf":{"@id":"https:\/\/restaurantemarcello.es\/#website"},"primaryImageOfPage":{"@id":"https:\/\/restaurantemarcello.es\/index.php\/politica-de-privacidad\/#primaryimage"},"image":{"@id":"https:\/\/restaurantemarcello.es\/index.php\/politica-de-privacidad\/#primaryimage"},"thumbnailUrl":"https:\/\/restaurantemarcello.es\/wp-content\/uploads\/2022\/06\/cropped-Logos-rapidos.png","datePublished":"2022-06-09T07:06:01+00:00","dateModified":"2022-06-09T07:15:58+00:00","breadcrumb":{"@id":"https:\/\/restaurantemarcello.es\/index.php\/politica-de-privacidad\/#breadcrumb"},"inLanguage":"es","potentialAction":[{"@type":"ReadAction","target":["https:\/\/restaurantemarcello.es\/index.php\/politica-de-privacidad\/"]}]},{"@type":"ImageObject","inLanguage":"es","@id":"https:\/\/restaurantemarcello.es\/index.php\/politica-de-privacidad\/#primaryimage","url":"https:\/\/restaurantemarcello.es\/wp-content\/uploads\/2022\/06\/cropped-Logos-rapidos.png","contentUrl":"https:\/\/restaurantemarcello.es\/wp-content\/uploads\/2022\/06\/cropped-Logos-rapidos.png","width":500,"height":152},{"@type":"BreadcrumbList","@id":"https:\/\/restaurantemarcello.es\/index.php\/politica-de-privacidad\/#breadcrumb","itemListElement":[{"@type":"ListItem","position":1,"name":"Portada","item":"https:\/\/restaurantemarcello.es\/"},{"@type":"ListItem","position":2,"name":"Pol\u00edtica de privacidad"}]},{"@type":"WebSite","@id":"https:\/\/restaurantemarcello.es\/#website","url":"https:\/\/restaurantemarcello.es\/","name":"Restaurante Italiano Marcello","description":"Restaurante Marcello Santander","publisher":{"@id":"https:\/\/restaurantemarcello.es\/#organization"},"potentialAction":[{"@type":"SearchAction","target":{"@type":"EntryPoint","urlTemplate":"https:\/\/restaurantemarcello.es\/?s={search_term_string}"},"query-input":{"@type":"PropertyValueSpecification","valueRequired":true,"valueName":"search_term_string"}}],"inLanguage":"es"},{"@type":"Organization","@id":"https:\/\/restaurantemarcello.es\/#organization","name":"Restaurante Italiano Marcello","url":"https:\/\/restaurantemarcello.es\/","logo":{"@type":"ImageObject","inLanguage":"es","@id":"https:\/\/restaurantemarcello.es\/#\/schema\/logo\/image\/","url":"https:\/\/restaurantemarcello.es\/wp-content\/uploads\/2022\/06\/cropped-Logos-rapidos-1.jpg","contentUrl":"https:\/\/restaurantemarcello.es\/wp-content\/uploads\/2022\/06\/cropped-Logos-rapidos-1.jpg","width":87,"height":44,"caption":"Restaurante Italiano Marcello"},"image":{"@id":"https:\/\/restaurantemarcello.es\/#\/schema\/logo\/image\/"}}]}},"_links":{"self":[{"href":"https:\/\/restaurantemarcello.es\/index.php\/wp-json\/wp\/v2\/pages\/294","targetHints":{"allow":["GET"]}}],"collection":[{"href":"https:\/\/restaurantemarcello.es\/index.php\/wp-json\/wp\/v2\/pages"}],"about":[{"href":"https:\/\/restaurantemarcello.es\/index.php\/wp-json\/wp\/v2\/types\/page"}],"author":[{"embeddable":true,"href":"https:\/\/restaurantemarcello.es\/index.php\/wp-json\/wp\/v2\/users\/1"}],"replies":[{"embeddable":true,"href":"https:\/\/restaurantemarcello.es\/index.php\/wp-json\/wp\/v2\/comments?post=294"}],"version-history":[{"count":13,"href":"https:\/\/restaurantemarcello.es\/index.php\/wp-json\/wp\/v2\/pages\/294\/revisions"}],"predecessor-version":[{"id":310,"href":"https:\/\/restaurantemarcello.es\/index.php\/wp-json\/wp\/v2\/pages\/294\/revisions\/310"}],"wp:attachment":[{"href":"https:\/\/restaurantemarcello.es\/index.php\/wp-json\/wp\/v2\/media?parent=294"}],"curies":[{"name":"wp","href":"https:\/\/api.w.org\/{rel}","templated":true}]}}